ed by f.
51
Let y(v) = -v**3 + 6*v**2 + v - 2. Suppose 3*n + 2*n - 215 = 0. Let i = n + -28. What is the remainder when y(5) is divided by i?
13
Let b(f) = 3 + 16*f**2 + 4*f - 10*f**2 - 1. What is the remainder when 35 is divided by b(-2)?
17
Suppose 3 = -5*j - 12. Let h(d) = -4*d**2 + 9*d - 3. Let g be h(6). What is the remainder when g/j + 0 + -2 is divided by 10?
9
Let a be (-1)/(1 - (-40)/(-39)). Let b = a + -28. What is the remainder when b is divided by 4?
3
Let p = 12 - 13. Let j(s) = -7*s - 1. Calculate the remainder when 22 is divided by j(p).
4
Let f(o) be the second derivative of 5*o**3/6 - 4*o**2 + 2*o. Calculate the remainder when f(7) is divided by 14.
13
Suppose 3*h - 59 = 151. Calculate the remainder when h is divided by 18.
16
Let y = -2 + 7. Suppose -150 = -y*w - 20. What is the remainder when w is divided by 9?
8
Suppose 5*c - 4 = 6. Suppose -c*g + 0*g + 76 = 0. Calculate the remainder when g is divided by 13.
12
Let g(h) = -2*h + 2. Let i be g(-3). Let m(f) = f + 4. What is the remainder when 2/6 - (-196)/6 is divided by m(i)?
9
Let c(d) = d**2 + 8*d - 10. What is the remainder when 37 is divided by c(-10)?
7
Calculate the remainder when 1 - -4*(20/(-5) + 53) is divided by 22.
21
Calculate the remainder when 43 is divided by 7/(14/20) - -1.
10
Suppose -12*i + 14*i = 4. Calculate the remainder when 6 is divided by i.
0
Calculate the remainder when 77/(2/10*5) is divided by 13.
12
Let f(d) = -d**3 - 8*d**2 - 3*d - 8. Let j be f(-8). Let g = -3 + j. What is the remainder when ((-38)/(-5))/((-1)/(-5)) is divided by g?
12
Let b be 105/(-12) - 2/8. Suppose 416 = 8*p - 400. What is the remainder when 10 is divided by (-2)/b + p/27?
2
Suppose 11 = 2*r - 35. Let v = 19 + -7. Calculate the remainder when r is divided by v.
11
Let f = 50 + -27. What is the remainder when 89 is divided by f?
20
Let a = -4 - 1. Let t = a + 11. Suppose -2*i + 262 = 4*b, 5*i - 253 = -t*b + 2*b. What is the remainder when b is divided by 17?
16
Calculate the remainder when (27 - -5)*2/2 is divided by 11.
10
Let k(r) = -9*r - 2. Suppose -n + 30 = -0*n. Calculate the remainder when n is divided by k(-2).
14
Suppose 3*m + 344 - 100 = 5*q, 82 = 2*q + 4*m. What is the remainder when q is divided by 24?
23
Suppose -s = 5*m - 282, -s - 231 = -2*m - 2*m. What is the remainder when m is divided by 21?
15
Let u(d) = 2*d**3 + 5*d**2 - 4 + 0*d**2 - d**3. What is the remainder when u(-3) is divided by 5?
4
Let u(d) = 14*d**2 + 1. Let q be 0/3 + (1 - 0). What is the remainder when (-115)/(-4) - (-12)/(-16) is divided by u(q)?
13
Suppose -5*p + 230 = 4*g, -4*g + 214 = 5*p - 8*p. Calculate the remainder when g is divided by 19.
17
Suppose 0*z - 11 = -2*z - k, -4*k = -4. What is the remainder when 7 is divided by z?
2
What is the remainder when 54 is divided by 2/3 + (-341)/(-33)?
10
Suppose 5*g + d - 1033 = -410, 4*d + 608 = 5*g. Calculate the remainder when g is divided by 42.
40
Suppose x - 3*x = -3*l + 24, 2*l - 26 = 2*x. Let z = x + 5. Calculate the remainder when (z/2)/(2/(-8)) is divided by 11.
9
Suppose 2*i - 5*i = 0. Suppose 0 = -o - i*o + 6. Calculate the remainder when o is divided by ((-2)/(-5))/(1/10).
2
Let p = 82 - 56. Calculate the remainder when p is divided by 6.
2
Suppose 2*p - 3*w - 23 = -0*w, 3*w = 5*p - 35. Suppose p*i - 18 - 54 = 0. What is the remainder when i is divided by 7?
4
Let j = -3 + 3. Suppose -k + j = -2. Suppose -4 - 14 = -4*v - 2*n, k*v = -3*n + 7. What is the remainder when 14 is divided by v?
4
Suppose 5*m = 2*j - 74, 0*m + 111 = 3*j + 3*m. Let d = j - 22. Calculate the remainder when 7 is divided by 0 + (-5)/(d/(-9)).
1
Calculate the remainder when 121 is divided by -2*((-31)/(-2))/(-1).
28
Let r = -57 - -96. Suppose -2*q - 3 = -r. Calculate the remainder when q is divided by 7.
4
Suppose -2*m = -y - 4, 2 = -m + 5. Suppose 3*c + y = 4*c. Calculate the remainder when 5 is divided by c.
1
Let g(c) = -3*c - 1. Let y be g(-5). Let v = 73 + y. What is the remainder when v is divided by 30?
27
Let o be ((-1)/3)/(8/24). Let i = 16 - o. What is the remainder when i is divided by 6?
5
Suppose 0 = -5*h + 11 + 19. Calculate the remainder when 22 is divided by h.
4
Suppose 5*k - 55 = -0*y + 5*y, 2*k - 23 = y. Calculate the remainder when 32 is divided by k.
8
Let p(y) = y**3 - 9*y**2 - 10*y + 7. Calculate the remainder when 33 is divided by p(10).
5
Let u(c) = 2*c**2 - c + 1. Let s be u(-2). Let a = 3 - 5. Let g = s - a. Calculate the remainder when g is divided by 5.
3
Let v be 3/(-9) + 134/(-3). Let a be (-10)/v + (-25)/(-9). Suppose -22 = -5*l - 2, -71 = -a*u - 5*l. Calculate the remainder when 33 is divided by u.
16
Suppose 289 + 339 = 4*l - 4*m, 0 = 5*l - 2*m - 782. Suppose 3*r - 5*r = -l. Calculate the remainder when r is divided by 20.
18
Let t = 203 + -134. What is the remainder when t is divided by 24?
21
Suppose 14 = -s + x, -4*s + x = 2*x + 56. What is the remainder when 3 is divided by -1 + (2 + s)/(-3)?
0
Suppose 2*m - 4*b - 42 = 0, -4*m - m + 4*b = -87. What is the remainder when m is divided by 4?
3
Let z = 587 + -323. Suppose 3*o = -87 + z. What is the remainder when o is divided by 12?
11
Let n = 11 + -8. Suppose 0 = 6*p - n*p - 9. Suppose -2*b - s = -5, 0*s = -4*b + 2*s + 6. What is the remainder when p is divided by b?
1
Suppose -2*k - 6 = -4*k. Calculate the remainder when 1*-5*(-2)/2 is divided by k.
2
Suppose 0*r - 3*r = 4*a - 408, 4*a = 5*r + 440. What is the remainder when a is divided by 36?
33
Let a(q) = -q**3 - 6*q**2 + 7*q - 3. Let h be a(-7). Suppose -2*d - 4*l = -52, 7*d - 2*l - 102 = 4*d. What is the remainder when d is divided by -2 + 19 - 0/h?
15
Let q(k) = -k**3 - 35*k**2 - 36*k - 47. Suppose 164 = -3*o + 5*o. What is the remainder when o is divided by q(-34)?
19
Let z = 73 - 46. Suppose -h = 2*h - z. What is the remainder when h is divided by 3?
0
Let p = 13 + -7. Let v(n) = n**3 - 5*n**2 - 5*n + 6. Calculate the remainder when 45 is divided by v(p).
9
Let i = 14 + -1. Suppose 0 = -4*d - 2*m + 58 + 156, 5*m + 77 = 2*d. Calculate the remainder when d is divided by i.
12
Suppose 115 = -j + 6*j. What is the remainder when j is divided by 4?
3
Let f be (1 - (25 + 2))/(-2). Suppose -r + f = d + 5, -5*r = 4*d - 37. Calculate the remainder when 17 is divided by r.
2
Suppose 360 = 3*m + 3*o, -o + 8 = -5*o. Calculate the remainder when m is divided by 25.
22
Suppose -20 = 2*j - 4*j. Let i be (-273)/(-5) - 10/(-25). Let x = i + -26. Calculate the remainder when x is divided by j.
9
Let h be 0/(2 + 0/2). Suppose 2*f - 14 = -6*i + i, -3*f + i + 55 = h. Calculate the remainder when f is divided by 9.
8
Let t = -37 + 57. Calculate the remainder when t is divided by 11.
9
Let t = 62 + -32. Calculate the remainder when 117 is divided by t.
27
Let i(z) = 2*z**2 - 7*z - 4. What is the remainder when 163 is divided by i(5)?
9
Let j be (-5)/1*3/(-15). Let c = 6 + j. What is the remainder when c is divided by 2?
1
Suppose -5 = -5*w - 0. Suppose -4 = 6*f - f - z, -w = 5*f - 4*z. What is the remainder when 4 is divided by 7 - (-2)/f - 2?
1
Suppose -3*s + 2*s + 44 = 5*h, 0 = -4*s - 3*h + 159. Suppose 2*i + s - 3 = 0. Let r = -13 - i. Calculate the remainder when 9 is divided by r.
4
What is the remainder when 9 is divided by -8*(-4)/8 - 1?
0
What is the remainder when 59 is divided by 138/7 + (-70)/(-245)?
19
Suppose -25 = 3*m - 8*m. Suppose 2*j = -2*c - c + 50, -32 = -j - 5*c. Let z = j - 14. Calculate the remainder when z is divided by m.
3
Suppose -4*s + 65 = -19. What is the remainder when 102 is divided by s?
18
Suppose -5*o = -2*o - 18. Let s = -3 + o. Suppose 4*r - 54 = -s*m, 40 = 3*r + 2*m - 0*m. What is the remainder when 35 is divided by r?
11
Suppose 5*y + 37 - 107 = 0. Calculate the remainder when 55 is divided by y.
13
Suppose -5*w = -19 - 1. Suppose w*b - 84 + 4 = -4*y, -3*y - 78 = -3*b. What is the remainder when b is divided by 8?
7
Let p be (-2 + (3 - 1))/1. Suppose 0*d = u - 4*d - 12, -4*u + 5*d + 70 = p. What is the remainder when u is divided by 7?
6
Let q(c) = -7*c + 1. Suppose -a = 4*w + 5 + 5, 5*w + a + 13 = 0. What is the remainder when 65 is divided by q(w)?
21
Let v(h) = -h + 12. Let d be v(0). Let c = d - 2. What is the remainder when c is divided by 6?
4
Let s(u) = u**3 - 9*u**2 + 9*u + 8. Let o be s(8)